digit of h?
3
Let u(h) = 2*h + 2. Let f be u(10). Let w be -1 - f/(-2)*1. Suppose -7*r + 2*r = -w. What is the units digit of r?
2
Let y be 3 - 5/(15/(-6)). Suppose -5*o + 6*o = 0. Suppose o = -s + 1, y*k + 0*s - 4*s = 1. What is the units digit of k?
1
Let f(m) = 2*m**2 + 2*m - 1. Suppose -2*y + 2 = -4*b, y + 4*b = -2*y + 3. Let a be f(y). What is the tens digit of (-3)/(a/2) + 15?
1
What is the tens digit of (0 + -4 - -59) + -1?
5
Let i(s) = s**2 + 11*s - 1. Let x be i(-11). What is the units digit of x*3*(-13)/39?
1
Suppose 0 = y + 5 + 3. Let p(q) = 4*q**3 - 9*q**2 - 3*q + 7. Let m(i) = i**3 + i + 1. Let f(a) = -5*m(a) + p(a). What is the units digit of f(y)?
2
Suppose -i - 85 = 2*d - 323, -3*i - 105 = -d. What is the units digit of d?
7
Suppose 0 = u - 0 - 2. Suppose -u*i = -i - 10. What is the units digit of i + (-1)/(-1) + 1?
2
Let n(z) = z**2 - 8*z + 9. Let v be n(7). Suppose -32 = 5*c - a, v*a - 17 + 43 = -5*c. Let x(m) = m + 13. What is the units digit of x(c)?
7
Suppose 3*c + 7 = 4*n, -3*n + 2*n + 2*c = -3. What is the units digit of n + (16/2 - 2)?
7
Let q be (0 - (1 + -2))*6. What is the tens digit of (13 - -2) + q/(-3)?
1
Suppose -5*b + 4*t = -0*t - 120, b - 43 = -3*t. Suppose -5*c + b = 3. Suppose 0 = c*p - 2*p - 18. What is the units digit of p?
6
Let j(v) be the first derivative of 7*v**2/2 - v + 1. Let x(r) = -r + 5. Let s be x(4). What is the units digit of j(s)?
6
Suppose u + 4*u = 50. Let z be u*(1 - (-1 + 1)). Let v = z + 1. What is the tens digit of v?
1
Suppose -150 = 4*z - 7*z. What is the tens digit of z?
5
Suppose 3*u - 58 = -4*v, v + 38 = -0*u + 3*u. Suppose x - u + 2 = 0. What is the units digit of x?
2
Suppose -4*y + 0*a - 3*a + 87 = 0, 4*y - 80 = 4*a. Let l = y - 11. What is the tens digit of l?
1
Let m(u) = -u**3 - 5*u**2 + u. Let v be m(-5). What is the units digit of 3/v - 48/(-5)?
9
Let z = -4 + 11. Suppose 2*x - 3 = z. What is the units digit of x?
5
Let k(y) = 5*y - 4. Let r be k(6). Suppose u + 32 = 2*o, 2*o = -u - u + r. Suppose x + 4*x = o. What is the units digit of x?
3
Let m be (2/2 - 1) + 120. Suppose -8*b + m = -3*b. What is the tens digit of b?
2
What is the hundreds digit of 118 - -5 - ((-1 - -1) + 0)?
1
Let n be (-3)/1 - 6/(-1). Suppose -n*l = -2 - 13. What is the units digit of l?
5
Suppose -6*i = -3*i - 354. What is the hundreds digit of i?
1
Let b(z) = 2*z + 0*z**3 + z**3 + 52 + 7*z**2 - 58. What is the tens digit of b(-4)?
3
Let z(i) be the second derivative of 0 - 1/6*i**3 - 2*i + 17/2*i**2. What is the units digit of z(0)?
7
Let z(i) be the second derivative of 0 - i + 2*i**3 + 1/12*i**4 + 1/2*i**2. What is the units digit of z(-12)?
1
What is the tens digit of 55 + -1 + 1 + 2?
5
Suppose -9*h + 380 = -4*h. What is the tens digit of h?
7
Let b be 8/(-3) + (-2)/(-3). Let c be ((-4)/(-6))/((-4)/30). What is the units digit of (-6 + 8)*c/b?
5
Suppose -2*a + 94 = -4*r - 0*r, 0 = 5*a - r - 199. Suppose 2*m - 57 - a = -4*k, 2*m + k - 90 = 0. What is the tens digit of m?
4
Suppose -2*g - j + 46 = 3*j, 0 = 4*g - j - 56. What is the units digit of g?
5
Suppose -5*j = n - 136, 2*j + 2*n - 56 = -0*n. What is the units digit of j?
7
What is the tens digit of (-1 - 0) + 1272/12?
0
Suppose -5*d - 34 = -104. Suppose 5*w - 23 = -k, d = -5*w - 5*k + 49. Suppose 2*x = 5*u + 6 - 1, 0 = 3*u + w*x - 23. What is the units digit of u?
1
Let m(i) = -i**3 + 6*i**2 + i. Let o be m(7). Let l be ((-36)/o)/(2/14). What is the units digit of (6/5)/(l/20)?
4
Let v = -15 - -17. What is the units digit of v?
2
Let t = -34 - -47. What is the tens digit of t?
1
Let a(b) be the third derivative of -b**5/60 - b**4/4 + b**3/6 + 2*b**2. Let u be a(-6). What is the units digit of (u + 2)/((-2)/(-6))?
9
Suppose -2*v = -4, 2*p - 3*v + 18 = 78. What is the tens digit of p?
3
Let y(d) = 7*d**2 - 1. Let l be y(-1). Let c be (-39)/(-2) + 39/(-26). What is the units digit of 67/l - 3/c?
1
What is the units digit of 2505/12 + (-4)/(-16)?
9
Let m = -31 + 54. What is the tens digit of m?
2
Let s(p) = 2*p**2 + 6*p + 1. Let m be s(5). Suppose -2*a + 0*a - 2*g = -54, 0 = 3*a + g - m. Suppose 2*t + 7 = a. What is the units digit of t?
0
Let q(c) = -3*c - 11. Let t be q(-9). Suppose 5*g = 64 + t. What is the units digit of g?
6
Suppose -2*y + 6*y - 1 = 5*m, 0 = -5*m + 5*y. Let p(z) = 15*z**2 + z + 1. What is the units digit of p(m)?
5
Suppose o + 6 = -4*p, o + 3*o - 3*p = 71. What is the tens digit of o?
1
Suppose -5*q = 5, 4*q - 10 = -5*l + 21. Let w(f) = -f**3 + 7*f**2 + 3*f - 7. What is the tens digit of w(l)?
1
Suppose -13 = -2*g + 11. Let o be (-1)/(-2) - g/(-8). Suppose 2*d + 6 = n - o*d, 0 = n - 2*d - 12. What is the tens digit of n?
1
Suppose 2*h = 3*f + 37, 2 = f + f. What is the units digit of h?
0
Let j(m) = -6*m**2 + 6*m + 9 + 0*m**3 - 4*m**3 + 3*m**3. What is the tens digit of j(-7)?
1
Let j be ((-16)/5)/((-2)/10). Suppose 4*c + 2*t = -2*t + j, 0 = -4*t - 4. Suppose -4*s + 64 = 4*m + 12, 3*m = -c*s + 55. What is the units digit of s?
8
Let u = 1 - 31. Let h = u - -19. Let r = 19 + h. What is the units digit of r?
8
Suppose 5*q = 5*r + 2*q - 380, 5*q = -r + 104. What is the units digit of r?
9
Let v(w) = 5*w + 5*w - 7 - 12*w. Let y be v(-6). Suppose 0 = -f - 5*g + 1, 31 = f - y*g. What is the units digit of f?
6
Let b(p) = -5*p + 1. What is the units digit of b(-6)?
1
Let b(r) = -r**3 + 7*r**2 + r - 9. Let m be b(7). Let p be (-9)/m - 2/4. Suppose -3*i - 4*z = -30 - 4, -p*i + 3*z + 37 = 0. What is the tens digit of i?
1
Let c(n) = -n**2 - 5*n + 8. Let m be c(-6). Suppose 4*a - 49 = 3*a + 2*o, m*a - 95 = 5*o. Suppose a = 4*k + k. What is the tens digit of k?
1
Let g(z) be the third derivative of -z**6/360 + z**5/24 - z**4/8 + z**3/3 - z**2. Let o(c) be the first derivative of g(c). What is the units digit of o(4)?
1
Let b(r) = r - 14. Let u be b(0). Let a be (u/(-5))/(5/(-25)). Let x = a + 21. What is the units digit of x?
7
Let b(t) = -t**3 + 2*t**2 + t. Let x be b(3). What is the tens digit of 3/((-36)/94)*x?
4
Suppose 5*v + 15 = 0, 2*p = -p - 5*v. Let f(b) = b**3 - 3*b**2 - 2*b + 4. What is the tens digit of f(p)?
4
Suppose 2*g - 1 - 6 = 5*o, -g = -1. Let s(z) = -z. Let u be s(o). Let m(t) = 10*t**3 + t**2 - t + 1. What is the units digit of m(u)?
1
Let h = -211 - -25. What is the units digit of h/2*2/(-6)?
1
Suppose -5*l - 25 = 0, -i + 279 - 95 = l. What is the tens digit of i?
8
Let c be (-26)/143 - 805/(-11). Let k = 125 - c. What is the units digit of k?
2
Let o = 6 - 12. Let j be 2 - -3*(-8)/o. What is the units digit of (-6)/(-4)*16/j?
4
Let b be (7 - (2 - -1)) + -3. What is the units digit of ((-3)/(-3))/(2 - b)?
1
Suppose -3*p + 2*p = -2. Let l(k) = 3*k**2 + 2. Let j be l(p). Let b = j - 7. What is the units digit of b?
7
Let u(h) = 3*h + 2. Let w be u(6). Suppose 2*f - 45 = -5*a + 26, 0 = 2*a + 5*f - w. What is the units digit of 24/10 + (-6)/a?
2
Let p(o) = -o**3 + 7*o**2 - 10. Let g be p(7). Let c = g + 12. What is the units digit of c?
2
Let o(r) = -r - 1. Let h(z) be the first derivative of 3*z**2/2 + 4*z + 2. Let m(u) = 4*h(u) + 18*o(u). What is the tens digit of m(-2)?
1
Let a = -22 + 14. What is the units digit of ((-18)/(-3))/((-6)/a)?
8
Let r(w) = 2*w**2 + 1. Let i be r(4). Let p = i - 18. What is the units digit of p?
5
Let c(n) = -12*n. Let z(k) = k. Let g(b) = 3*c(b) + 30*z(b). Let m be 4/(-5) + (-2)/10. What is the units digit of g(m)?
6
Let s be (-5)/(-4)*(2 - -2). Suppose 3*n - 7 = s. What is the units digit of n?
4
Let c be (-2 + 4 - 2)/(-2). Let g = 2 + c. What is the units digit of g?
2
What is the hundreds digit of (1/(-3))/(2/(-804))?
1
Let c = 65 + -15. Suppose 0 = 2*q - 4*q + 4*a + 52, 5*a + c = 2*q. What is the tens digit of q?
3
Let k(y) = y + 8. Let l be k(-4). Suppose n = -l*n - 25. Let z = n + 9. What is the units digit of z?
4
Suppose 15 = 3*d, 0*d - 3*d = -4*m - 35. Suppose -12 - 2 = -i - 4*t, 2*i + 2*t = 16. What is the units digit of (i/m)/(4/(-30))?
9
Suppose l = -l - 5*d, 2*d = 0. What is the tens digit of (l - 16/10)*-30?
4
Let i = -149 + 149. Suppose 3*r = -6, r - 5*r - 53 = -3*q. Suppose -5*g + q = -i*g. What is the units digit of g?
3
Suppose 9 = -3*a - 3*p, -5*a - 3*p + 8*p - 45 = 0. Let q(z) = -z**3 - 7*z**2 - 8*z - 4. What is the units digit of q(a)?
8
Let w(v) = -v**2 - 6*v - 7.